ultiple of 76?
False
Is 364358 a multiple of 6?
False
Does 256 divide 477440?
True
Is 104 a factor of 269464?
True
Is 116993 a multiple of 19?
False
Is 181 a factor of 164072?
False
Does 1045 divide 231505?
False
Does 40 divide 4244?
False
Is 352512 a multiple of 34?
True
Is 274030 a multiple of 10?
True
Is 138039 a multiple of 267?
True
Is 360221 a multiple of 26?
False
Is 1518300 a multiple of 60?
True
Is 44 a factor of 102440?
False
Is 142120 a multiple of 17?
True
Does 11 divide 771122?
True
Does 188 divide 30180016?
True
Is 267 a factor of 1317280?
False
Is 9077317 a multiple of 9?
False
Is 136 a factor of 464448?
False
Is 747937 a multiple of 183?
False
Is 227086 a multiple of 215?
False
Does 3 divide 37424?
False
Does 107 divide 173340?
True
Does 82 divide 55025?
False
Does 15 divide 4181415?
True
Does 68 divide 377808?
True
Is 770733 a multiple of 261?
True
Is 1256836 a multiple of 82?
False
Does 46 divide 63066?
True
Is 2404147 a multiple of 25?
False
Is 29 a factor of 80818?
False
Does 11 divide 163362?
False
Is 51770 even?
True
Is 21 a factor of 43138?
False
Does 30 divide 955738?
False
Does 1008 divide 4107600?
True
Does 23 divide 2016874?
False
Is 608 a factor of 334257?
False
Is 13 a factor of 1229072?
True
Is 1476282 a multiple of 25?
False
Is 9 a factor of 56272?
False
Is 283511 a multiple of 16?
False
Is 13 a factor of 250471?
True
Is 151335 a multiple of 9?
True
Is 21533 a multiple of 17?
False
Is 22021054 a multiple of 16?
False
Is 195 a factor of 332475?
True
Is 12 a factor of 306514?
False
Does 375 divide 4660408?
False
Is 2740836 a multiple of 14?
True
Is 1148384 a multiple of 10?
False
Does 28 divide 1728720?
True
Does 67 divide 304917?
True
Does 5 divide 604314?
False
Is 1014336 a multiple of 288?
True
Is 468767 a multiple of 5?
False
Is 105 a factor of 779940?
True
Does 66 divide 96294?
True
Is 90756 a multiple of 11?
False
Is 1984359 a multiple of 1241?
True
Is 187629 a multiple of 39?
True
Is 473 a factor of 359953?
True
Does 12 divide 1058033?
False
Does 24 divide 10032?
True
Is 6904048 a multiple of 73?
True
Is 912 a factor of 1436710?
False
Is 121 a factor of 1391854?
False
Is 375 a factor of 2582339?
False
Is 128 a factor of 369664?
True
Is 396 a factor of 548856?
True
Does 15 divide 188370?
True
Is 27 a factor of 752220?
True
Does 56 divide 398642?
False
Is 218939 a multiple of 232?
False
Does 156 divide 1211028?
True
Does 20 divide 15120?
True
Is 2079861 a multiple of 386?
False
Does 12 divide 242401?
False
Is 43626 a multiple of 54?
False
Is 3 a factor of 2934?
True
Is 6 a factor of 32587?
False
Does 37 divide 184014?
False
Is 676160 a multiple of 320?
True
Is 1930068 a multiple of 111?
True
Is 32 a factor of 803168?
True
Is 18812 a multiple of 7?
False
Is 10 a factor of 97266?
False
Is 113576 a multiple of 11?
False
Does 164 divide 3382992?
True
Is 45 a factor of 3648150?
True
Does 44 divide 805464?
True
Does 7 divide 73508?
False
Is 193560 a multiple of 55?
False
Does 6 divide 21054?
True
Is 239 a factor of 1412012?
True
Is 15407010 a multiple of 690?
True
Is 7299963 a multiple of 27?
True
Is 2 a factor of 407715?
False
Is 200 a factor of 19856600?
True
Is 415 a factor of 948275?
True
Is 20 a factor of 840191?
False
Is 106030 a multiple of 115?
True
Is 445 a factor of 4055730?
True
Is 10 a factor of 6879609?
False
Is 395833 a multiple of 277?
True
Is 7 a factor of 2226255?
False
Is 706537 a multiple of 25?
False
Is 1094 a factor of 799244?
False
Does 4 divide 40671?
False
Is 954660 a multiple of 14?
True
Does 660 divide 3959689?
False
Is 1132681 a multiple of 26?
False
Is 15778 a multiple of 7?
True
Is 8607 a multiple of 19?
True
Is 909 a factor of 605394?
True
Is 689 a multiple of 52?
False
Does 11 divide 890634?
False
Is 156 a factor of 825864?
True
Does 57 divide 104258?
False
Is 918 a factor of 3313062?
True
Does 126 divide 6187178?
False
Does 1197 divide 5848586?
False
Does 40 divide 220600?
True
Is 308756 a multiple of 107?
False
Does 216 divide 890814?
False
Is 143 a factor of 142428?
True
Is 8 a factor of 930815?
False
Does 43 divide 86473?
True
Is 19679 a multiple of 69?
False
Is 113 a factor of 105682?
False
Is 573234 a multiple of 20?
False
Is 21 a factor of 726012?
True
Is 286 a factor of 1359618?
False
Does 74 divide 1852442?
True
Is 20921 a multiple of 74?
False
Is 1731430 a multiple of 356?
False
Is 830 a factor of 2872630?
True
Is 119 a factor of 5141?
False
Is 168641 a multiple of 10?
False
Is 50 a factor of 107873?
False
Is 161500 a multiple of 323?
True
Is 586399 a multiple of 246?
False
Does 31 divide 1331592?
False
Is 11732688 a multiple of 81?
True
Is 679950 a multiple of 37?
False
Is 78424 a multiple of 5?
False
Is 28 a factor of 434354?
False
Is 29497 a multiple of 13?
True
Is 301850 a multiple of 16?
False
Is 226 a factor of 292896?
True
Is 12 a factor of 749098?
False
Is 108063 a multiple of 68?
False
Does 83 divide 396779?
False
Is 28 a factor of 40712?
True
Is 31 a factor of 102455?
True
Is 8 a factor of 62129?
False
Is 366 a factor of 1954440?
True
Is 459 a factor of 4843423?
False
Is 12 a factor of 1001856?
True
Does 24 divide 907750?
False
Is 8 a factor of 469573?
False
Does 18 divide 191322?
True
Is 1006 a factor of 187116?
True
Does 5 divide 473255?
True
Is 65968 a multiple of 3?
False
Is 48394 a multiple of 80?
False
Does 6 divide 5169090?
True
Is 79103 a multiple of 25?
False
Is 146897 a multiple of 11?
False
Is 129654 a multiple of 294?
True
Is 78498 a multiple of 267?
True
Does 23 divide 3393331?
False
Does 49 divide 1001880?
False
Does 211 divide 193698?
True
Does 34 divide 164730?
True
Does 68 divide 391620?
False
Does 273 divide 34671?
True
Does 94 divide 149836?
True
Does 664 divide 10225600?
True
Is 18 a factor of 1718136?
True
Is 203 a factor of 67612?
False
Is 22 a factor of 3373036?
False
Does 17 divide 1220194?
False
Is 63 a factor of 641403?
True
Is 8314018 a multiple of 734?
True
Does 42 divide 27108060?
True
Is 24 a factor of 29400?
True
Is 84126 a multiple of 21?
True
Is 685053 a multiple of 14?
False
Does 11 divide 331425?
False
Does 27 divide 2024286?
False
Is 2 a factor of 3984?
True
Is 21 a factor of 2357355?
True
Is 79 a factor of 307475?
False
Is 106 a factor of 472972?
True
Is 5 a factor of 4565?
True
Is 10 a factor of 479006?
False
Does 26 divide 14784455?
False
Is 4 a factor of 365904?
True
Is 167 a factor of 844018?
True
Is 762683 a multiple of 13?
False
Is 24 a factor of 37008?
True
Is 135 a factor of 116543?
False
Does 3 divide 337950?
True
Does 1027 divide 22337250?
True
Does 151 divide 496941?
True
Does 144 divide 532084?
False
Is 138060 a multiple of 236?
True
Is 1741024 a multiple of 164?
True
Is 5095271 a multiple of 7?
False
Is 327180 even?
True
Is 8 a factor of 434770?
False
Is 1442249 a multiple of 266?
False
Is 124 a factor of 4097704?
True
Is 1062835 a multiple of 798?
False
Is 87 a factor of 604564?
False
Is 4664568 a multiple of 162?
False
Is 34 a factor of 479128?
True
Is 1260627 a multiple of 111?
True
Is 5 a factor of 82808?
False
Is 35 a factor of 885549?
False
Is 9 a factor of 2662526?
False
Is 5277946 a multiple of 281?
False
Is 89180 a multiple of 70?
True
Is 528 a factor of 1854864?
True
Is 283 a factor of 10699?
False
Is 6 a factor of 388939?
False
Is 117 a factor of 22825998?
True
Is 100 a factor of 113987?
False
Is 17 a factor of 49912?
True
Is 58 a factor of 100536?
False
Is 5601729 a multiple of 371?
True
Is 297568 a multiple of 16?
True
Is 158 a factor of 1189394?
False
Is 84744 a multiple of 24?
True
Is 10 a factor of 286400?
True
Does 18 divide 26532?
True
Does 823 divide 488820?
False
Does 79 divide 278633?
True
Is 22544180 a multiple of 1254?
False
Is 83 a factor of 1809342?
False
Does 38 divide 4670504?
True
Is 38 a factor of 176099?
False
Is 63 a factor of 202356?
True
Does 11 divide 465630?
True
Does 10 divide 1712565?
False
Is 741 a factor of 2912130?
True
Is 288 a factor of 61775?
False
Is 120 a factor of 978000?
True
Is 60 a factor of 1306409?
False
Does 70 divide 3285660?
True
Is 78 a factor of 74454?
False
Does 33 divide 326678?
False
Is 62 a factor of 14982433?
False
Is 31 a factor of 212925?
False
Does 21 divide 17974?
False
Does 95 divide 866746?
False
Is 14 a factor of 206976?
True
Is 2491965 a multip